 factor of 903?
True
Is 38 a factor of 377986?
True
Is 268600 a multiple of 20?
True
Is 57 a factor of 691581?
True
Is 4297860 a multiple of 210?
True
Does 593 divide 15718211?
False
Is 2818926 a multiple of 66?
True
Is 15 a factor of 2745570?
True
Is 32046 a multiple of 109?
True
Does 69 divide 827701?
False
Is 2245423 a multiple of 622?
False
Does 42 divide 204960?
True
Does 348 divide 259260?
True
Is 62172 a multiple of 99?
True
Is 373 a factor of 4078386?
False
Is 12555992 a multiple of 197?
True
Does 24 divide 967741?
False
Is 165 a factor of 21780?
True
Does 44 divide 1063451?
False
Does 17 divide 39032?
True
Does 188 divide 1536148?
True
Does 14 divide 148985?
False
Is 621 a factor of 528471?
True
Is 11001690 a multiple of 10?
True
Is 385189 a multiple of 49?
True
Is 459899 a multiple of 262?
False
Does 40 divide 73013?
False
Does 50 divide 837480?
False
Is 26 a factor of 2320422?
True
Is 2570613 a multiple of 3?
True
Is 202 a factor of 9709130?
True
Is 3519892 a multiple of 21?
False
Does 35 divide 246400?
True
Does 69 divide 75285?
False
Is 7 a factor of 5053295?
False
Is 3781388 a multiple of 26?
True
Does 3 divide 34698?
True
Does 39 divide 4680?
True
Is 375 a factor of 211433?
False
Is 790 a factor of 5029424?
False
Does 85 divide 179520?
True
Is 3732512 a multiple of 266?
True
Is 1164852 a multiple of 76?
True
Is 6 a factor of 4452?
True
Is 2069 a multiple of 212?
False
Is 685 a factor of 916530?
True
Does 29 divide 1136549?
False
Is 429262 a multiple of 675?
False
Does 42 divide 3114864?
False
Is 2458 a multiple of 353?
False
Is 380982 a multiple of 282?
True
Is 669476 a multiple of 124?
True
Does 116 divide 841348?
True
Is 4 a factor of 84432?
True
Does 7 divide 958848?
False
Does 54 divide 9934?
False
Is 14 a factor of 148120?
True
Is 72 a factor of 603360?
True
Does 51 divide 109111?
False
Is 840290 a multiple of 110?
True
Is 2541444 a multiple of 3?
True
Is 16 a factor of 1249822?
False
Does 33 divide 379699?
False
Does 452 divide 197524?
True
Is 16157843 a multiple of 13?
True
Is 13 a factor of 409929?
True
Is 39 a factor of 2357628?
True
Is 204 a factor of 535092?
True
Is 6699075 a multiple of 128?
False
Does 11 divide 242?
True
Is 1949387 a multiple of 13?
False
Does 630 divide 16394827?
False
Is 570802 a multiple of 80?
False
Is 2875843 a multiple of 37?
False
Does 16 divide 6254402?
False
Is 340 a factor of 662874?
False
Is 771 a factor of 2104830?
True
Is 317 a factor of 384204?
True
Is 422 a factor of 2365446?
False
Is 1176047 a multiple of 59?
True
Is 1089450 a multiple of 666?
False
Does 8 divide 99840?
True
Is 297567 a multiple of 73?
False
Does 36 divide 317383?
False
Is 5 a factor of 1518365?
True
Is 7107570 a multiple of 1359?
True
Does 6 divide 259871?
False
Is 204408 a multiple of 306?
True
Is 284584 a multiple of 12?
False
Is 9242232 a multiple of 456?
False
Is 14 a factor of 196873?
False
Is 65498 a multiple of 5?
False
Is 112406 a multiple of 14?
True
Is 132 a factor of 437248?
False
Is 2622741 a multiple of 979?
True
Is 74882 a multiple of 213?
False
Does 72 divide 9824536?
False
Does 313 divide 178723?
True
Is 9 a factor of 230000?
False
Does 4 divide 6413?
False
Is 292942 a multiple of 35?
False
Does 4 divide 530164?
True
Does 33 divide 77284?
False
Is 19 a factor of 2998827?
True
Does 243 divide 1935495?
True
Is 482904 a multiple of 228?
True
Is 116 a factor of 129923?
False
Is 546 a factor of 113568?
True
Does 585 divide 70001?
False
Is 55 a factor of 27428136?
False
Is 20 a factor of 7483244?
False
Is 48 a factor of 8988?
False
Is 1047295 a multiple of 636?
False
Is 1550739 a multiple of 219?
True
Is 43 a factor of 17796?
False
Is 1176802 a multiple of 44?
False
Does 4 divide 2128601?
False
Is 516 a factor of 929700?
False
Is 304925 a multiple of 236?
False
Is 3356448 a multiple of 12?
True
Is 264 a factor of 252912?
True
Is 10 a factor of 346930?
True
Is 11 a factor of 332480?
False
Is 143 a factor of 8359780?
True
Is 94 a factor of 16040442?
True
Does 59 divide 191736?
False
Does 175 divide 2109303?
False
Is 107 a factor of 1032847?
False
Is 6 a factor of 166626?
True
Is 1268649 a multiple of 26?
False
Is 51 a factor of 23048571?
False
Is 16 a factor of 2158798?
False
Is 54 a factor of 62316?
True
Does 25 divide 56863?
False
Is 12 a factor of 236431?
False
Does 5 divide 63220?
True
Is 10518060 a multiple of 634?
True
Is 184640 a multiple of 32?
True
Is 21 a factor of 630084?
True
Is 4 a factor of 15580?
True
Is 73 a factor of 951?
False
Is 681436 a multiple of 28?
True
Is 103 a factor of 99490?
False
Is 596934 a multiple of 234?
True
Does 15 divide 540855?
True
Is 164 a factor of 496756?
True
Does 10 divide 113572?
False
Is 573376 a multiple of 544?
True
Is 3941782 a multiple of 13?
True
Is 334 a factor of 4939192?
True
Is 105 a factor of 10220068?
False
Does 10 divide 1612840?
True
Does 11 divide 188005?
False
Is 24741 a multiple of 9?
True
Is 42 a factor of 9412292?
False
Does 109 divide 301500?
False
Is 35460 a multiple of 18?
True
Is 39876 a multiple of 6?
True
Is 5492278 a multiple of 451?
True
Is 168425 a multiple of 4?
False
Does 61 divide 41343?
False
Is 19 a factor of 218025?
True
Is 1002408 a multiple of 33?
True
Is 11 a factor of 241813?
True
Does 187 divide 1191686?
False
Does 312 divide 429312?
True
Is 207 a factor of 3794724?
True
Is 3995352 a multiple of 691?
False
Is 36024 a multiple of 19?
True
Is 3353788 even?
True
Does 192 divide 286425?
False
Does 5 divide 1461415?
True
Is 122 a factor of 130798?
False
Is 96 a factor of 236157?
False
Is 9686625 a multiple of 125?
True
Is 24413 a multiple of 24?
False
Is 46 a factor of 92518?
False
Is 154050 a multiple of 78?
True
Is 1438 a factor of 964898?
True
Does 372 divide 2256841?
False
Is 27234 a multiple of 34?
True
Does 31 divide 720657?
True
Is 1643734 a multiple of 12?
False
Is 1229428 a multiple of 586?
True
Is 133914 a multiple of 18?
False
Does 86 divide 4280019?
False
Is 9 a factor of 6129238?
False
Does 42 divide 4249628?
False
Does 364 divide 2329764?
False
Is 24 a factor of 5952?
True
Does 559 divide 1061682?
False
Is 3059655 a multiple of 15?
True
Is 344008 a multiple of 8?
True
Is 304020 a multiple of 36?
True
Is 42 a factor of 522688?
False
Is 13 a factor of 11245?
True
Is 17 a factor of 447885?
False
Does 799 divide 2719796?
True
Is 1030419 a multiple of 117?
True
Is 305 a factor of 5067270?
True
Is 159810 a multiple of 70?
True
Is 912 a factor of 1905168?
True
Is 8516772 a multiple of 1926?
True
Does 21 divide 54462?
False
Is 884430 a multiple of 634?
True
Does 303 divide 335724?
True
Is 129 a factor of 6488925?
False
Is 684794 a multiple of 187?
True
Does 12 divide 278472?
True
Is 205 a factor of 1493220?
True
Does 11 divide 2785299?
True
Is 1721182 a multiple of 31?
True
Is 312 a factor of 119071?
False
Is 17 a factor of 246636?
True
Is 6399764 a multiple of 7?
True
Does 16 divide 128608?
True
Does 23 divide 1182476?
True
Is 3837120 a multiple of 70?
True
Is 32156702 a multiple of 17?
False
Does 143 divide 2029599?
True
Is 18 a factor of 579192?
False
Does 31 divide 113401?
False
Is 8683 a multiple of 7?
False
Is 1866128 a multiple of 23?
True
Does 115 divide 40737?
False
Is 2436905 a multiple of 8?
False
Is 84 a factor of 80304?
True
Is 711 a factor of 7041744?
True
Is 3 a factor of 283850?
False
Does 20 divide 234484?
False
Is 820792 a multiple of 28?
True
Is 183672 a multiple of 12?
True
Is 2347752 a multiple of 24?
True
Does 3 divide 471?
True
Is 289464 a multiple of 11?
False
Is 5779556 a multiple of 32?
False
Is 160 a factor of 39976?
False
Is 157 a factor of 1947271?
True
Is 28 a factor of 202983?
False
Is 67 a factor of 1234408?
True
Is 13 a factor of 2176590?
True
Is 90 a factor of 385020?
True
Is 29355 a multiple of 15?
True
Is 937025 a multiple of 185?
True
Is 514905 a multiple of 5?
True
Is 921 a factor of 852038?
False
Is 7 a factor of 2185923?
False
Is 221235 a multiple of 35?
True
Is 21 a factor of 1224997?
False
Is 26 a factor of 780286?
True
Is 1083 a factor of 390963?
True
Does 508 divide 1452727?
False
Is 12799063 a multiple of 46?
False
Does 17 divide 594184?
True
Is 13 a factor of 199498?
True
Is 13 a factor of 27899831?
False
Is 60905 a multiple of 13?
True
Does 1703 divide 6892041?
True
Is 37900